{"id":5123,"date":"2026-01-23T19:48:57","date_gmt":"2026-01-23T19:48:57","guid":{"rendered":"https:\/\/de.greenal.com\/?page_id=5123"},"modified":"2026-02-16T10:29:45","modified_gmt":"2026-02-16T10:29:45","slug":"nachhaltigkeitspolitik","status":"publish","type":"page","link":"https:\/\/de.greenal.com\/?page_id=5123","title":{"rendered":"Nachhaltigkeitspolitik"},"content":{"rendered":"\t\t<div data-elementor-type=\"wp-page\" data-elementor-id=\"5123\" class=\"elementor elementor-5123\">\n\t\t\t\t<div class=\"elementor-element elementor-element-37df9fd e-flex e-con-boxed e-con e-parent \" data-id=\"37df9fd\" data-element_type=\"container\" data-e-type=\"container\">\t\t\t<div class=\"e-con-inner\">\r\n\t\t<div class=\"elementor-element elementor-element-39b0a56 e-con-full e-flex e-con e-child \" data-id=\"39b0a56\" data-element_type=\"container\" data-e-type=\"container\">\t\t<div class=\"elementor-element elementor-element-69774ae elementor-widget elementor-widget-pxl_image\" data-id=\"69774ae\" data-element_type=\"widget\" data-e-type=\"widget\" data-widget_type=\"pxl_image.default\">\n\t\t\t\t<div class=\"elementor-widget-container\">\n\t\t\t\t\t<div class=\"pxl-image-single no  \" data-wow-delay=\"ms\" data-maxtilt=\"\" data-speedtilt=\"\">\r\n                        <div class=\"pxl-item--inner\">\r\n                                    <img fetchpriority=\"high\" decoding=\"async\" width=\"491\" height=\"556\" src=\"https:\/\/de.greenal.com\/wp-content\/uploads\/2026\/01\/greenal-banner-2S2332.jpg\" class=\"no-lazyload attachment-full\" alt=\"\" \/>                            <\/div>\r\n            <\/div> \t\t\t\t<\/div>\n\t\t\t\t<\/div>\n\t\t\t\t<\/div>\r\n\t\t<div class=\"elementor-element elementor-element-ded7fe3 e-con-full e-flex e-con e-child \" data-id=\"ded7fe3\" data-element_type=\"container\" data-e-type=\"container\">\t\t<div class=\"elementor-element elementor-element-86bb78b elementor-widget elementor-widget-pxl_text_editor\" data-id=\"86bb78b\" data-element_type=\"widget\" data-e-type=\"widget\" data-widget_type=\"pxl_text_editor.default\">\n\t\t\t\t<div class=\"elementor-widget-container\">\n\t\t\t\t\t<div class=\"pxl-text-editor\">\n\t<div class=\"pxl-item--inner  ft-theme\" data-wow-delay=\"ms\">\n\t\t<p>Als Greenal sind wir uns unserer \u00f6kologischen und sozialen Verantwortung bewusst und verpflichten uns strikt zur Einhaltung von Nachhaltigkeitskriterien. Wir f\u00fchren unsere Gesch\u00e4ftst\u00e4tigkeiten umweltbewusst, sozial gerecht und wirtschaftlich nachhaltig aus und richten uns dabei nach den folgenden Grunds\u00e4tzen, die wir aktiv umsetzen.<\/p>\t<\/div>\n<\/div>\t\t\t\t<\/div>\n\t\t\t\t<\/div>\n\t\t\t\t<\/div>\r\n\t\t<div class=\"elementor-element elementor-element-d65099a e-con-full e-flex e-con e-child \" data-id=\"d65099a\" data-element_type=\"container\" data-e-type=\"container\">\t\t<div class=\"elementor-element elementor-element-dd87bc8 elementor-widget elementor-widget-pxl_text_editor\" data-id=\"dd87bc8\" data-element_type=\"widget\" data-e-type=\"widget\" data-widget_type=\"pxl_text_editor.default\">\n\t\t\t\t<div class=\"elementor-widget-container\">\n\t\t\t\t\t<div class=\"pxl-text-editor\">\n\t<div class=\"pxl-item--inner  ft-theme \" data-wow-delay=\"ms\">\n\t\t<ol><li style=\"list-style-type: none\"><ol><li>Wir setzen uns kontinuierlich daf\u00fcr ein, nat\u00fcrliche Ressourcen effizient zu nutzen, Abf\u00e4lle zu reduzieren und unsere Umweltauswirkungen zu minimieren. Durch kontinuierliche Verbesserungen und innovative L\u00f6sungen verfolgen wir das Ziel, unsere Umweltbelastung nachhaltig zu verringern.<\/li><li>Durch den effizienten Einsatz von Energie und Investitionen in erneuerbare Energiequellen streben wir eine Reduzierung unseres CO\u2082-Fu\u00dfabdrucks an. Gleichzeitig f\u00fchren wir laufend Modernisierungs- und Optimierungsma\u00dfnahmen in unseren Anlagen durch, um die Energieeffizienz zu steigern.<\/li><li>Um einen positiven Beitrag zur Gesellschaft zu leisten, arbeiten wir eng mit lokalen Gemeinschaften zusammen und unterst\u00fctzen soziale Verantwortungsvorhaben. Durch eine effektive Kommunikation und Zusammenarbeit mit unseren Kunden, Lieferanten und weiteren Stakeholdern st\u00e4rken wir unsere Nachhaltigkeitsinitiativen.<\/li><li>Neben der vollst\u00e4ndigen Einhaltung aller gesetzlichen Anforderungen verfolgen wir das Ziel, \u00fcber diese hinauszugehen und bew\u00e4hrte Best Practices anzuwenden. Durch kontinuierliche Schulungen und regelm\u00e4\u00dfige Audits verbessern wir unsere Gesch\u00e4ftsprozesse und steigern unsere Nachhaltigkeitsleistung fortlaufend.<\/li><li>Unsere Nachhaltigkeitsleistung wird regelm\u00e4\u00dfig bewertet und transparent gegen\u00fcber relevanten Interessengruppen berichtet. Im Sinne der Rechenschaftspflicht \u00fcberwachen wir unsere Abl\u00e4ufe konsequent und setzen auf eine kontinuierliche Weiterentwicklung.<\/li><\/ol><\/li><\/ol><p>\u00a0<\/p><p>Diese Politik spiegelt die Nachhaltigkeitsverpflichtungen und -ziele von Greenal wider. Wir stellen sicher, dass alle unsere Stakeholder diese Politik verstehen, unterst\u00fctzen und aktiv umsetzen, indem wir die erforderlichen Ressourcen bereitstellen.<\/p>\t<\/div>\n<\/div>\t\t\t\t<\/div>\n\t\t\t\t<\/div>\n\t\t\t\t<\/div>\r\n\t\t\t\t\t<\/div>\r\n\t\t\t\t<\/div>\r\n\t\t\t\t<\/div>\n\t\t","protected":false},"excerpt":{"rendered":"<p>Als Greenal sind wir uns unserer \u00f6kologischen und sozialen Verantwortung bewusst und verpflichten uns strikt zur Einhaltung von Nachhaltigkeitskriterien. Wir f\u00fchren unsere Gesch\u00e4ftst\u00e4tigkeiten umweltbewusst, sozial gerecht und wirtschaftlich nachhaltig aus und richten uns dabei nach den folgenden Grunds\u00e4tzen, die wir aktiv umsetzen. Wir setzen uns kontinuierlich daf\u00fcr ein, nat\u00fcrliche Ressourcen effizient zu nutzen, Abf\u00e4lle zu [&hellip;]<\/p>\n","protected":false},"author":1,"featured_media":0,"parent":0,"menu_order":0,"comment_status":"closed","ping_status":"closed","template":"","meta":{"footnotes":""},"class_list":["post-5123","page","type-page","status-publish","hentry"],"_links":{"self":[{"href":"https:\/\/de.greenal.com\/index.php?rest_route=\/wp\/v2\/pages\/5123","targetHints":{"allow":["GET"]}}],"collection":[{"href":"https:\/\/de.greenal.com\/index.php?rest_route=\/wp\/v2\/pages"}],"about":[{"href":"https:\/\/de.greenal.com\/index.php?rest_route=\/wp\/v2\/types\/page"}],"author":[{"embeddable":true,"href":"https:\/\/de.greenal.com\/index.php?rest_route=\/wp\/v2\/users\/1"}],"replies":[{"embeddable":true,"href":"https:\/\/de.greenal.com\/index.php?rest_route=%2Fwp%2Fv2%2Fcomments&post=5123"}],"version-history":[{"count":4,"href":"https:\/\/de.greenal.com\/index.php?rest_route=\/wp\/v2\/pages\/5123\/revisions"}],"predecessor-version":[{"id":5128,"href":"https:\/\/de.greenal.com\/index.php?rest_route=\/wp\/v2\/pages\/5123\/revisions\/5128"}],"wp:attachment":[{"href":"https:\/\/de.greenal.com\/index.php?rest_route=%2Fwp%2Fv2%2Fmedia&parent=5123"}],"curies":[{"name":"wp","href":"https:\/\/api.w.org\/{rel}","templated":true}]}}