{"id":5064,"date":"2026-01-22T22:56:50","date_gmt":"2026-01-22T22:56:50","guid":{"rendered":"https:\/\/de.greenal.com\/?page_id=5064"},"modified":"2026-02-16T08:38:36","modified_gmt":"2026-02-16T08:38:36","slug":"qualitatssicherungspolitik","status":"publish","type":"page","link":"https:\/\/de.greenal.com\/?page_id=5064","title":{"rendered":"Qualit\u00e4tssicherungspolitik"},"content":{"rendered":"\t\t<div data-elementor-type=\"wp-page\" data-elementor-id=\"5064\" class=\"elementor elementor-5064\">\n\t\t\t\t<div class=\"elementor-element elementor-element-56920a6 e-flex e-con-boxed e-con e-parent \" data-id=\"56920a6\" data-element_type=\"container\" data-e-type=\"container\">\t\t\t<div class=\"e-con-inner\">\r\n\t\t<div class=\"elementor-element elementor-element-a7f7eaf e-con-full e-flex e-con e-child \" data-id=\"a7f7eaf\" data-element_type=\"container\" data-e-type=\"container\">\t\t<div class=\"elementor-element elementor-element-0554173 elementor-widget elementor-widget-pxl_image\" data-id=\"0554173\" data-element_type=\"widget\" data-e-type=\"widget\" data-widget_type=\"pxl_image.default\">\n\t\t\t\t<div class=\"elementor-widget-container\">\n\t\t\t\t\t<div class=\"pxl-image-single no  \" data-wow-delay=\"ms\" data-maxtilt=\"\" data-speedtilt=\"\">\r\n                        <div class=\"pxl-item--inner\">\r\n                                    <img fetchpriority=\"high\" decoding=\"async\" width=\"1020\" height=\"680\" src=\"https:\/\/de.greenal.com\/wp-content\/uploads\/2026\/01\/Qualitaetspolitik-ISO-9001.webp\" class=\"no-lazyload attachment-full\" alt=\"\" \/>                            <\/div>\r\n            <\/div> \t\t\t\t<\/div>\n\t\t\t\t<\/div>\n\t\t\t\t<\/div>\r\n\t\t<div class=\"elementor-element elementor-element-e44550a e-con-full e-flex e-con e-child \" data-id=\"e44550a\" data-element_type=\"container\" data-e-type=\"container\">\t\t<div class=\"elementor-element elementor-element-5c2fb62 elementor-widget elementor-widget-pxl_heading\" data-id=\"5c2fb62\" data-element_type=\"widget\" data-e-type=\"widget\" data-widget_type=\"pxl_heading.default\">\n\t\t\t\t<div class=\"elementor-widget-container\">\n\t\t\t\t\t<div class=\"pxl-heading inherit\">\n\t<div class=\"pxl-heading--inner\">\n\t\t\t\t<h3 class=\"pxl-item--title  highlight-default \" data-wow-delay=\"ms\" >\n\t\tQualit\u00e4tssicherungspolitik\n\n\n\t\t\t\t\n\t\t<\/h3>\n\t<\/div>\n<\/div>\n\n\t\t\t\t<\/div>\n\t\t\t\t<\/div>\n\t\t\t\t<div class=\"elementor-element elementor-element-b71d9ad elementor-widget elementor-widget-pxl_text_editor\" data-id=\"b71d9ad\" data-element_type=\"widget\" data-e-type=\"widget\" data-widget_type=\"pxl_text_editor.default\">\n\t\t\t\t<div class=\"elementor-widget-container\">\n\t\t\t\t\t<div class=\"pxl-text-editor\">\n\t<div class=\"pxl-item--inner  ft-theme\" data-wow-delay=\"ms\">\n\t\t<p data-start=\"194\" data-end=\"565\">Als Greenal verpflichten wir uns, im Einklang mit unserem Prinzip der Kontinuit\u00e4t und mit dem Ziel h\u00f6chster Kundenzufriedenheit Produkte und Dienstleistungen von hoher Qualit\u00e4t anzubieten. Um Qualit\u00e4tssicherung zu gew\u00e4hrleisten und kontinuierliche Verbesserung zu f\u00f6rdern, verfolgt unser Unternehmen eine Qualit\u00e4tssicherungspolitik, die auf folgenden Grunds\u00e4tzen basiert:<\/p><ul data-start=\"567\" data-end=\"1859\"><li data-start=\"567\" data-end=\"780\"><p data-start=\"569\" data-end=\"780\">Die Bed\u00fcrfnisse unserer Kunden zu verstehen und durch die Bereitstellung wertvoller und zuverl\u00e4ssiger Produkte sowie Dienstleistungen h\u00f6chste Kundenzufriedenheit sicherzustellen, hat f\u00fcr uns oberste Priorit\u00e4t.<\/p><\/li><li data-start=\"781\" data-end=\"958\"><p data-start=\"783\" data-end=\"958\">Wir setzen unsere Ressourcen gezielt ein, um die Qualit\u00e4t unserer Produkte und Dienstleistungen kontinuierlich zu verbessern und die h\u00f6chsten Qualit\u00e4tsstandards einzuhalten.<\/p><\/li><li data-start=\"959\" data-end=\"1184\"><p data-start=\"961\" data-end=\"1184\">Wir f\u00f6rdern einen kontinuierlichen Verbesserungsprozess. Dazu \u00fcberpr\u00fcfen wir regelm\u00e4\u00dfig unser Qualit\u00e4tsmanagementsystem und unsere Gesch\u00e4ftsprozesse, identifizieren Abweichungen und setzen geeignete Korrekturma\u00dfnahmen um.<\/p><\/li><li data-start=\"1185\" data-end=\"1404\"><p data-start=\"1187\" data-end=\"1404\">Wir schulen und entwickeln unsere Mitarbeiter kontinuierlich weiter und stellen Schulungen sowie Ressourcen zur Verf\u00fcgung, um ihre Kenntnisse und F\u00e4higkeiten im Qualit\u00e4tsmanagement und in den Prozessen zu erweitern.<\/p><\/li><li data-start=\"1405\" data-end=\"1509\"><p data-start=\"1407\" data-end=\"1509\">Wir bem\u00fchen uns fortlaufend um die Einhaltung aller relevanten gesetzlichen Vorschriften und Normen.<\/p><\/li><li data-start=\"1510\" data-end=\"1644\"><p data-start=\"1512\" data-end=\"1644\">Wir verfolgen einen umweltbewussten Ansatz, um die Umweltauswirkungen unserer Produkte und Prozesse auf ein Minimum zu reduzieren.<\/p><\/li><li data-start=\"1645\" data-end=\"1859\"><p data-start=\"1647\" data-end=\"1859\">Wir arbeiten mit allen unseren Stakeholdern in einer auf Vertrauen basierenden Partnerschaft zusammen. Offene Kommunikation und Kooperation bilden einen der wichtigsten Pfeiler unserer Qualit\u00e4tssicherungspolitik.<\/p><\/li><\/ul><p data-start=\"1861\" data-end=\"2019\">Diese Qualit\u00e4tssicherungspolitik dient als Leitfaden zur Erreichung unserer Qualit\u00e4tsziele und wird von allen Mitarbeitern von Greenal getragen und umgesetzt.<\/p>\t<\/div>\n<\/div>\t\t\t\t<\/div>\n\t\t\t\t<\/div>\n\t\t\t\t<\/div>\r\n\t\t\t\t\t<\/div>\r\n\t\t\t\t<\/div>\r\n\t\t\t\t<\/div>\n\t\t","protected":false},"excerpt":{"rendered":"<p>Qualit\u00e4tssicherungspolitik Als Greenal verpflichten wir uns, im Einklang mit unserem Prinzip der Kontinuit\u00e4t und mit dem Ziel h\u00f6chster Kundenzufriedenheit Produkte und Dienstleistungen von hoher Qualit\u00e4t anzubieten. Um Qualit\u00e4tssicherung zu gew\u00e4hrleisten und kontinuierliche Verbesserung zu f\u00f6rdern, verfolgt unser Unternehmen eine Qualit\u00e4tssicherungspolitik, die auf folgenden Grunds\u00e4tzen basiert: Die Bed\u00fcrfnisse unserer Kunden zu verstehen und durch die Bereitstellung [&hellip;]<\/p>\n","protected":false},"author":1,"featured_media":0,"parent":0,"menu_order":0,"comment_status":"closed","ping_status":"closed","template":"","meta":{"footnotes":""},"class_list":["post-5064","page","type-page","status-publish","hentry"],"_links":{"self":[{"href":"https:\/\/de.greenal.com\/index.php?rest_route=\/wp\/v2\/pages\/5064","targetHints":{"allow":["GET"]}}],"collection":[{"href":"https:\/\/de.greenal.com\/index.php?rest_route=\/wp\/v2\/pages"}],"about":[{"href":"https:\/\/de.greenal.com\/index.php?rest_route=\/wp\/v2\/types\/page"}],"author":[{"embeddable":true,"href":"https:\/\/de.greenal.com\/index.php?rest_route=\/wp\/v2\/users\/1"}],"replies":[{"embeddable":true,"href":"https:\/\/de.greenal.com\/index.php?rest_route=%2Fwp%2Fv2%2Fcomments&post=5064"}],"version-history":[{"count":5,"href":"https:\/\/de.greenal.com\/index.php?rest_route=\/wp\/v2\/pages\/5064\/revisions"}],"predecessor-version":[{"id":5086,"href":"https:\/\/de.greenal.com\/index.php?rest_route=\/wp\/v2\/pages\/5064\/revisions\/5086"}],"wp:attachment":[{"href":"https:\/\/de.greenal.com\/index.php?rest_route=%2Fwp%2Fv2%2Fmedia&parent=5064"}],"curies":[{"name":"wp","href":"https:\/\/api.w.org\/{rel}","templated":true}]}}